factors of 331266?
2, 3, 13, 31, 137
List the prime factors of 179008.
2, 2797
What are the prime factors of 175341?
3, 211, 277
What are the prime factors of 130090?
2, 5, 13009
What are the prime factors of 565463?
565463
List the prime factors of 2337471.
3, 86573
List the prime factors of 3417626.
2, 31, 199, 277
List the prime factors of 999367.
911, 1097
List the prime factors of 3204847.
41, 78167
What are the prime factors of 331385?
5, 191, 347
List the prime factors of 6905283.
3, 7, 11, 167, 179
What are the prime factors of 970126?
2, 485063
What are the prime factors of 13905?
3, 5, 103
List the prime factors of 1355437.
383, 3539
What are the prime factors of 7769567?
13, 597659
List the prime factors of 514439.
139, 3701
List the prime factors of 139290.
2, 3, 5, 4643
List the prime factors of 9692410.
2, 5, 7, 13, 10651
What are the prime factors of 19210895?
5, 11, 43, 8123
List the prime factors of 6728238.
2, 3, 11, 47, 241
List the prime factors of 418960.
2, 5, 5237
List the prime factors of 162662.
2, 81331
List the prime factors of 6339044.
2, 1109, 1429
List the prime factors of 205311.
3, 68437
What are the prime factors of 217417?
19, 11443
What are the prime factors of 16771571?
17, 986563
List the prime factors of 26884102.
2, 7, 23, 29, 2879
What are the prime factors of 7791230?
2, 5, 31, 41, 613
List the prime factors of 16602688.
2, 23, 11279
What are the prime factors of 12366273?
3, 73, 56467
What are the prime factors of 9847863?
3, 31, 47, 751
What are the prime factors of 1938280?
2, 5, 47, 1031
What are the prime factors of 7665444?
2, 3, 71, 2999
List the prime factors of 38779.
13, 19, 157
What are the prime factors of 18830?
2, 5, 7, 269
List the prime factors of 5338502.
2, 13, 205327
What are the prime factors of 117854?
2, 11, 487
List the prime factors of 272139.
3, 7, 12959
What are the prime factors of 8469055?
5, 7, 241973
What are the prime factors of 271375?
5, 13, 167
What are the prime factors of 3753179?
3753179
What are the prime factors of 113272?
2, 14159
List the prime factors of 3982093.
283, 14071
What are the prime factors of 1134258?
2, 3, 189043
What are the prime factors of 694749?
3, 11, 37, 569
List the prime factors of 248053.
13, 19081
List the prime factors of 1040432.
2, 65027
List the prime factors of 9339546.
2, 3, 1556591
What are the prime factors of 5115562?
2, 2557781
What are the prime factors of 225082?
2, 11, 13, 787
What are the prime factors of 1554730?
2, 5, 155473
List the prime factors of 4214316.
2, 3, 149, 2357
List the prime factors of 818147.
11, 74377
List the prime factors of 252180.
2, 3, 5, 467
What are the prime factors of 69682?
2, 34841
What are the prime factors of 742975?
5, 113, 263
List the prime factors of 896496.
2, 3, 19, 983
List the prime factors of 5383153.
719, 7487
What are the prime factors of 4125095?
5, 13, 63463
What are the prime factors of 121898?
2, 7, 8707
What are the prime factors of 18358013?
1553, 11821
What are the prime factors of 10355723?
7, 53, 103, 271
What are the prime factors of 8487117?
3, 943013
What are the prime factors of 3529373?
23, 173, 887
List the prime factors of 23915583.
3, 17, 67, 2333
What are the prime factors of 317791?
23, 41, 337
What are the prime factors of 2763604?
2, 37, 71, 263
List the prime factors of 654164.
2, 7, 61, 383
List the prime factors of 377774.
2, 17, 41, 271
List the prime factors of 452143.
19, 53, 449
List the prime factors of 118795.
5, 23, 1033
List the prime factors of 9450.
2, 3, 5, 7
What are the prime factors of 35432?
2, 43, 103
List the prime factors of 160508.
2, 40127
What are the prime factors of 51970?
2, 5, 5197
What are the prime factors of 3148087?
1429, 2203
List the prime factors of 7725.
3, 5, 103
What are the prime factors of 2228055?
3, 5, 148537
List the prime factors of 19392206.
2, 17, 570359
List the prime factors of 121830.
2, 3, 5, 31, 131
What are the prime factors of 3968643?
3, 7, 188983
What are the prime factors of 1260176?
2, 17, 41, 113
What are the prime factors of 5544260?
2, 5, 277213
What are the prime factors of 4183688?
2, 522961
List the prime factors of 570127.
83, 6869
What are the prime factors of 16358394?
2, 3, 13, 401, 523
List the prime factors of 227690.
2, 5, 22769
What are the prime factors of 17794?
2, 7, 31, 41
List the prime factors of 1827000.
2, 3, 5, 7, 29
List the prime factors of 561923.
561923
What are the prime factors of 26934672?
2, 3, 61, 9199
List the prime factors of 724158.
2, 3, 40231
What are the prime factors of 762097?
7, 103, 151
List the prime factors of 34060.
2, 5, 13, 131
What are the prime factors of 5714594?
2, 2857297
What are the prime factors of 127744?
2, 499
What are the prime factors of 167748?
2, 3, 7, 1997
What are the prime factors of 623289?
3, 207763
What are the prime factors of 1824618?
2, 3, 37, 8219
List the prime factors of 2170058.
2, 11, 98639
List the prime factors of 941840.
2, 5, 61, 193
List the prime factors of 398557.
398557
List the prime factors of 20854692.
2, 3, 31, 6229
List the prime factors of 1665970.
2, 5, 166597
What are the prime factors of 516200?
2, 5, 29, 89
What are the prime factors of 22203170?
2, 5, 11, 201847
List the prime factors of 34840090.
2, 5, 59, 59051
What are the prime factors of 124290?
2, 3, 5, 1381
List the prime factors of 618179.
193, 3203
List the prime factors of 7648753.
7, 139, 1123
List the prime factors of 12445724.
2, 3111431
What are the prime factors of 1928720?
2, 5, 24109
List the prime factors of 16927640.
2, 5, 423191
What are the prime factors of 5486?
2, 13, 211
List the prime factors of 3368535.
3, 5, 224569
List the prime factors of 3772485.
3, 5, 83833
What are the prime factors of 11904706?
2, 11, 49193
List the prime factors of 1671594.
2, 3, 23, 12113
List the prime factors of 27791375.
5, 223, 997
What are the prime factors of 7830998?
2, 7, 559357
List the prime factors of 2165941.
2165941
List the prime factors of 5420865.
3, 5, 283, 1277
List the prime factors of 257945.
5, 23, 2243
What are the prime factors of 83620?
2, 5, 37, 113
What are the prime factors of 1790931?
3, 596977
List the prime factors of 579260.
2, 5, 11, 2633
List the prime factors of 374144.
2, 37, 79
List the prime factors of 6522472.
2, 11, 19, 47, 83
List the prime factors of 31690516.
2, 11, 13, 17, 3259
List the prime factors of 30497075.
5, 7, 229, 761
List the prime factors of 529025.
5, 7, 3023
What are the prime factors of 167086?
2, 19, 4397
List the prime factors of 294166.
2, 147083
List the prime factors of 10365247.
281, 36887
List the prime factors of 205044.
2, 3, 7, 2441
List the prime factors of 197488.
2, 12343
List the prime factors of 20449649.
11, 269, 6911
What are the prime factors of 6802410?
2, 3, 5, 197, 1151
What are the prime factors of 957270?
2, 3, 5, 17, 1877
List the prime factors of 925130.
2, 5, 71, 1303
List the prime factors of 64264.
2, 29, 277
List the prime factors of 3912992.
2, 17, 7193
What are the prime factors of 139821?
3, 11, 19, 223
List the prime factors of 841919.
13, 64763
What are the prime factors of 81256?
2, 7, 1451
List the prime factors of 432692.
2, 13, 53, 157
What are the prime factors of 3172015?
5, 7, 11, 107
List the prime factors of 1157781.
3, 385927
List the prime factors of 726842.
2, 53, 6857
List the prime factors of 10421734.
2, 5210867
What are the prime factors of 25228?
2, 7, 17, 53
List the prime factors of 205060.
2, 5, 10253
List the prime factors of 28840450.
2, 5, 89, 6481
List the prime factors of 252148.
2, 13, 373
List the prime factors of 242258.
2, 89, 1361
What are the prime factors of 226430?
2, 5, 22643
What are the prime factors of 3246584?
2, 11, 79, 467
List the prime factors of 216373.
216373
List the prime factors of 18463210.
2, 5, 1846321
List the prime factors of 10934551.
10934551
What are the prime factors of 4291048?
2, 673, 797
What are the prime factors of 260043?
3, 7, 29, 61
List the prime factors of 208152.
2, 3, 7, 59
List the prime factors of 213774.
2, 3, 11, 41, 79
List the prime factors of 106059.
3, 35353
What are the prime factors of 155488?
2, 43, 113
List the prime factors of 629282.
2, 314641
What are the prime factors of 13161580?
2, 5